 and i?
39
Let v be 4687/2 + (-133)/266. What is the highest common divisor of 1704 and v?
213
Suppose 81*b - 2898 = 60*b. What is the greatest common divisor of b and 1173?
69
Let w(a) = 1297*a**2 - 79*a + 277. Let t be w(4). Calculate the greatest common factor of t and 11.
11
Let l(n) = -4*n - n - 4*n + 3 - n. Suppose 3 = 2*y - 5*y. Let j be l(y). Calculate the highest common divisor of j and 117.
13
Let h be (0 - 0)/(1*-1). Let a(y) = -56*y + 1711. Let l be a(30). Suppose f + 4*r + 8 = h, l = 3*f + 5*r - 4*r. What is the highest common factor of f and 30?
6
Let r(b) = -b**3 - 22*b**2 - 7*b + 19. Let p be r(-23). Let j = -261 + p. What is the greatest common divisor of 28 and j?
28
Let w be (-10)/(-15)*-6*15/(-10). Suppose 0 = w*v - 1502 - 1684. What is the greatest common factor of 59 and v?
59
Suppose 4*x = 3*x. Suppose -8 = -2*y - x*y. Let c be 4/(-14) - (-1482)/91. Calculate the greatest common factor of y and c.
4
Let c(o) = 19*o - 54. Let d be c(3). Suppose 4*p - 18 = -v, -d*p - 133 = -4*v - 23. Calculate the greatest common factor of 169 and v.
13
Let r be (-4 + (-28)/(-8))*(-2668)/29. Let d = -135 + 273. Calculate the highest common divisor of d and r.
46
Suppose 3*c = 3*b - 504, -5*b + 337*c = 340*c - 792. What is the greatest common factor of 378 and b?
54
Let b(g) = -1300*g - 5. Let m be b(-1). Suppose -7*r = -4*r + y - 105, 5*y = -2*r + 70. What is the greatest common divisor of r and m?
35
Suppose -58852 - 139579 = -158*m + 39201. What is the highest common factor of 47 and m?
47
Suppose 6*q - 3*q + 5*l - 8144 = 0, -5*l - 10 = 0. What is the highest common divisor of 36 and q?
18
Let u be 294*((-57)/9 - -7). What is the greatest common factor of u and 5390?
98
Let y(s) = 80*s - 728. Let f be y(10). What is the greatest common divisor of 774 and f?
18
Suppose 0*x + 4*o + 3736 = x, 0 = 3*x - 3*o - 11190. What is the highest common divisor of 16 and x?
16
Let f = 563 - -1632. Calculate the greatest common divisor of 10 and f.
5
Suppose 0 = -5*b + 10 + 15. Let d be -8*(-775)/496*4/5. What is the highest common divisor of b and d?
5
Suppose -3*w - 4*x + 2*x + 86 = 0, x = -w + 27. Suppose 18 = w*b - 30*b. Let v = -18 + 81. Calculate the greatest common divisor of v and b.
9
Let g(l) = -3*l + 27. Let d be (-1 - 3)*25/25. Let v = d + -7. Let u be g(v). Calculate the greatest common divisor of u and 12.
12
Suppose -4*l = -8, -5*l = 5*b - 1141 + 6. Calculate the highest common factor of b and 405.
45
Suppose 28*t - 19*t + 63 = 0. Let n be ((-2)/6)/(t/441). What is the highest common divisor of n and 105?
21
Let v(o) = 5*o**2 - 30*o + 39. Let z be v(13). Let h = 1052 - z. Calculate the greatest common factor of h and 9.
9
Let d(z) = -142*z - 1165. Let b be d(-16). What is the highest common divisor of b and 135?
27
Suppose 7*t + 2*h - 60800 = 0, 3*t - 16676 - 9384 = 2*h. Calculate the greatest common divisor of 344 and t.
86
Suppose -37*r = -45*r + 40. What is the highest common factor of r and 35?
5
Suppose -6*b + 41107 + 19769 = 0. What is the highest common factor of 57 and b?
57
Let o(x) = -19*x - 131. Let s be o(-7). Suppose -s*k + 17 = 5*h, -3*h = -0*k + 3*k - 48. What is the highest common factor of k and 525?
21
Suppose 4*s + 29 = -2*z + 115, 3*s + 58 = 2*z. Calculate the greatest common factor of z and 5.
5
Suppose -3*h - 12 = 0, -30*n + 29*n + 1489 = -23*h. What is the highest common factor of 187 and n?
11
Suppose 2228 = 5*g - 1077. Let t = 95 + g. What is the greatest common factor of 28 and t?
28
Suppose 5*s - 21 = -2*z, 0 + 2 = -z. Let k(r) = -16*r - 267. Let m be k(-42). What is the greatest common factor of s and m?
5
Suppose 0 = -4*g, 0 = 2*h - 0*g - 5*g + 8. Let b be 1 + h + 3 - 1. Let m be b*(5 - 2) + 14. Calculate the greatest common factor of m and 121.
11
Let x(d) = 14*d**2 - 36*d - 63. Let b be x(7). Suppose -5*c + 192 = -73. What is the greatest common factor of b and c?
53
Let d = 258 - 170. Let b = d + -66. Let j be 110/3*72/10. What is the greatest common divisor of j and b?
22
Let q be (-2 - 1) + (-33)/(1 - 4). Let n(b) = b**2 + 58*b + 174. Let x be n(-55). What is the greatest common factor of q and x?
1
Let y(m) = -m - 7. Let u be y(-4). Let g(d) = -15*d - 31. Let w be g(u). What is the greatest common factor of w and 224?
14
Suppose -64*c + 59*c = 4*t - 51, 0 = 2*t + 2*c - 22. Let f = 5 + -1. Suppose -11 = -f*b + 5. What is the highest common factor of t and b?
4
Suppose 0*g - 3*g = -5*z - 389, 2*g + 4*z - 296 = 0. Suppose -696 = -6*r - g. Let j be (-1)/3 + 4/36*r. Calculate the greatest common factor of 80 and j.
10
Let d(f) = f**2 - 10*f + 7. Let r be d(10). Suppose r*n = -58 + 345. Calculate the highest common divisor of n and 3.
1
Let f(w) = -6*w**3 - 22*w**2 + 16*w - 12. Let v be f(-6). What is the greatest common divisor of 572 and v?
44
Suppose 201*b - 1935 = 33*b + 11001. What is the greatest common factor of b and 5269?
11
Suppose 80*q - 8 = 78*q. Suppose -5*p = -4*a - 33, -q*p - 4*a + 9 = -3. Suppose -4*n + p*n = 18. What is the highest common factor of 54 and n?
18
Let n(v) = -48*v + 7*v**2 - 17*v + 10*v**2 + 5*v**2 - 14 - 24*v**2. Let m be n(-25). What is the highest common factor of 38 and m?
19
Let j(m) = -m**2 + 7*m - 6. Suppose -3*c - 9 = -24. Let u be j(c). Calculate the highest common factor of 28 and u.
4
Let f = -128 + 132. Suppose -3*n + 437 = -f*g, 0 = -2*g - 0 + 2. Calculate the highest common factor of n and 84.
21
Let y = 3551 - 3397. Calculate the greatest common factor of y and 448.
14
Suppose 0 = -26*m + 13*m - 182. Let j(c) = -2*c**3 - 27*c**2 + 11*c - 10. Let a be j(m). What is the greatest common factor of a and 2?
2
Suppose -3*t - 2*l = -527, -5*t - 3*l + 517 = -361. Calculate the greatest common divisor of t and 14.
7
Let h = 64 + -66. Let m(s) = -10*s**2 + 1. Let y(c) = -2*c**2. Let d(n) = h*m(n) + 6*y(n). Let q be d(5). Calculate the greatest common divisor of q and 18.
18
Let m = -163 + 272. Suppose m*g - 114*g = -4340. What is the greatest common factor of g and 14?
14
Let r = 458 - 220. Suppose -9*w = 390 + 1005. Let g = w + 169. Calculate the highest common divisor of g and r.
14
Let n(l) = -14*l + 328. Let r be n(23). Calculate the highest common factor of r and 422.
2
Let d(r) = 11*r**2 - 403*r - 4. Let i be d(37). What is the greatest common factor of 504 and i?
72
Let n = -9565 + 16439. Suppose 0 = -6875*d + n*d + 32. Let m be 5*16/1 + 0. Calculate the greatest common divisor of m and d.
16
Suppose 7*f + 12*u = 11*f - 3684, 9 = -3*u. What is the highest common divisor of f and 216?
24
Suppose -38*b + 352 = 138*b. Calculate the greatest common divisor of 2094 and b.
2
Suppose 0 = 2*s - s - 3*i + 2, s - 4 = 5*i. Let r = 16 + s. Suppose 2*u - 2*q - 22 = 0, 11 - 46 = -4*u - r*q. What is the highest common factor of u and 40?
10
Let t = 30 + 0. Let v(i) be the first derivative of -i**3/3 - 12*i**2 + 7*i + 178. Let f be v(-23). What is the greatest common factor of f and t?
30
Suppose -2*f + 2*b = 941 + 1133, -4153 = 4*f - 5*b. Let z = -152 + f. Let r be z/(-24) + (-5)/((-45)/6). What is the highest common divisor of 25 and r?
25
Suppose -5*c + 2222 = -4*d, -3*d = 207*c - 208*c + 451. What is the highest common divisor of 169 and c?
13
Suppose -5*q + 6619 = -3*m, q - 13*m - 1349 = -16*m. What is the greatest common divisor of q and 208?
16
Let a(t) = 13*t**2 + 3*t - 16. Let w be a(4). What is the highest common divisor of 85 and w?
17
Suppose 5*b + 4*f - 848 = 0, 3 = f + 1. Suppose 10*h = 4*h + b. What is the highest common divisor of 84 and h?
28
Suppose -73*z - 1045 = -257*z - 25*z. Calculate the greatest common divisor of 450 and z.
5
Suppose d + 3*d - 108 = 0. Let l(c) = 10*c + 619 + 2*c**2 - 280 - 294. Let p be l(-14). Calculate the highest common factor of d and p.
27
Suppose -c + 0*c = -2*j + 130, -4*c + 110 = 2*j. Let s be 6/14 - (-8163)/j. Calculate the greatest common divisor of 52 and s.
26
Suppose 5*i = 2*f + 1368, -2*i + 204*f - 205*f = -540. What is the greatest common divisor of 80 and i?
16
Suppose -2738*h = -2693*h - 103320. Calculate the greatest common divisor of h and 1968.
328
Let m(r) = 2*r**2 - 24*r - 1409. Let v be m(-25). Calculate the greatest common divisor of v and 7203.
147
Suppose -12*r + 14*r - 56 = 0. Suppose 0 = 2*g - r. Suppose -g*w 